{"id":170,"date":"2020-01-16T11:30:28","date_gmt":"2020-01-16T11:30:28","guid":{"rendered":"http:\/\/ruhrkampf1920.de\/?post_type=tribe_events&#038;p=170"},"modified":"2020-02-19T10:20:21","modified_gmt":"2020-02-19T10:20:21","slug":"putsch-und-generalstreik-im-fokus-auftakt-veranstaltung","status":"publish","type":"tribe_events","link":"http:\/\/ruhrkampf1920.de\/start\/event\/putsch-und-generalstreik-im-fokus-auftakt-veranstaltung\/","title":{"rendered":"Zum Auftakt: Putsch &#038; Generalstreik im Fokus, Essen Stoppenberg"},"content":{"rendered":"<p>Am historischen Ort und zum historischen Datum des Kapp-L\u00fcttwitz-Putsch, dem 13. M\u00e4rz 1920, freuen wir uns zum<br \/>\nAuftakt der Reihe auf einen Mix aus Lesung, Ausstellung, Vortrag &amp; Diskussion im Rathaussaal des Stoppenberger Rathauses. Beitr\u00e4ge von: Prof. J\u00fcrgen Link, Walter Wandtke sowie dem Stoppenberger Geschichtskreis.<\/p>\n<p>Das Gru\u00dfwort zum Auftakt der Veranstaltungsreihe spricht Bezirksb\u00fcrgermeister Z\u00fchlke.<\/p>\n<p>Leitung und Moderation: Walter Wandtke<\/p>\n<p>Kursnummer zur Anmeldung: K.5<br \/>\n<a href=\"https:\/\/hu-bildungswerk.de\/service\/anmeldeformular\/\">Anmeldung<\/a> erforderlich<\/p>\n","protected":false},"excerpt":{"rendered":"<div class=\"mh-excerpt\"><p>Am historischen Ort und zum historischen Datum des Kapp-L\u00fcttwitz-Putsch, dem 13. M\u00e4rz 1920, freuen wir uns zum Auftakt der Reihe auf einen Mix aus Lesung, <a class=\"mh-excerpt-more\" href=\"http:\/\/ruhrkampf1920.de\/start\/event\/putsch-und-generalstreik-im-fokus-auftakt-veranstaltung\/\" title=\"Zum Auftakt: Putsch &#038; Generalstreik im Fokus, Essen Stoppenberg\">[&#8230;]<\/a><\/p>\n<\/div>","protected":false},"author":1,"featured_media":0,"comment_status":"open","ping_status":"closed","template":"","meta":{"_tribe_events_status":"","_tribe_events_status_reason":""},"tags":[50,25,37,51,52,26,16],"tribe_events_cat":[34,23],"aioseo_notices":[],"_links":{"self":[{"href":"http:\/\/ruhrkampf1920.de\/start\/wp-json\/wp\/v2\/tribe_events\/170"}],"collection":[{"href":"http:\/\/ruhrkampf1920.de\/start\/wp-json\/wp\/v2\/tribe_events"}],"about":[{"href":"http:\/\/ruhrkampf1920.de\/start\/wp-json\/wp\/v2\/types\/tribe_events"}],"author":[{"embeddable":true,"href":"http:\/\/ruhrkampf1920.de\/start\/wp-json\/wp\/v2\/users\/1"}],"replies":[{"embeddable":true,"href":"http:\/\/ruhrkampf1920.de\/start\/wp-json\/wp\/v2\/comments?post=170"}],"version-history":[{"count":11,"href":"http:\/\/ruhrkampf1920.de\/start\/wp-json\/wp\/v2\/tribe_events\/170\/revisions"}],"predecessor-version":[{"id":446,"href":"http:\/\/ruhrkampf1920.de\/start\/wp-json\/wp\/v2\/tribe_events\/170\/revisions\/446"}],"wp:attachment":[{"href":"http:\/\/ruhrkampf1920.de\/start\/wp-json\/wp\/v2\/media?parent=170"}],"wp:term":[{"taxonomy":"post_tag","embeddable":true,"href":"http:\/\/ruhrkampf1920.de\/start\/wp-json\/wp\/v2\/tags?post=170"},{"taxonomy":"tribe_events_cat","embeddable":true,"href":"http:\/\/ruhrkampf1920.de\/start\/wp-json\/wp\/v2\/tribe_events_cat?post=170"}],"curies":[{"name":"wp","href":"https:\/\/api.w.org\/{rel}","templated":true}]}}

<p>Am historischen Ort und zum historischen Datum des Kapp-Lüttwitz-Putsch, dem 13. März 1920, freuen wir uns zum<br />
Auftakt der Reihe auf einen Mix aus Lesung, Ausstellung, Vortrag &amp; Diskussion im Rathaussaal des Stoppenberger Rathauses. Beiträge von: Prof. Jürgen Link, Walter Wandtke sowie dem Stoppenberger Geschichtskreis.</p>
<p>Das Grußwort zum Auftakt der Veranstaltungsreihe spricht Bezirksbürgermeister Zühlke.</p>
<p>Leitung und Moderation: Walter Wandtke</p>
<p>Kursnummer zur Anmeldung: K.5<br />
<a href="https://hu-bildungswerk.de/service/anmeldeformular/">Anmeldung</a> erforderlich</p>

<div class="mh-excerpt"><p>Am historischen Ort und zum historischen Datum des Kapp-Lüttwitz-Putsch, dem 13. März 1920, freuen wir uns zum Auftakt der Reihe auf einen Mix aus Lesung, <a class="mh-excerpt-more" href="http://ruhrkampf1920.de/start/event/putsch-und-generalstreik-im-fokus-auftakt-veranstaltung/" title="Zum Auftakt: Putsch &#038; Generalstreik im Fokus, Essen Stoppenberg">[&#8230;]</a></p>
</div>
