{"id":272,"date":"2020-02-10T14:37:07","date_gmt":"2020-02-10T14:37:07","guid":{"rendered":"http:\/\/ruhrkampf1920.de\/start\/?post_type=tribe_events&#038;p=272"},"modified":"2020-03-16T08:37:20","modified_gmt":"2020-03-16T08:37:20","slug":"aktionen-und-reaktionen-um-den-ruhrkampf-1920","status":"publish","type":"tribe_events","link":"http:\/\/ruhrkampf1920.de\/start\/event\/aktionen-und-reaktionen-um-den-ruhrkampf-1920\/","title":{"rendered":"*Abgesagt\/Verlegung* Kampf an der Ruhr &#8211; Aktionen und Reaktionen um den Ruhrkampf 1920, Bottrop"},"content":{"rendered":"<p>Vor 100 Jahren war das Ruhrgebiet im Ausnahmezustand. Auf den Putschversuch in Berlin erhoben sich auch im Ruhrgebiet Arbeiterinnen und Arbeiter, um die Entstehung eines autorit\u00e4ren Regimes\u00a0 zu verhindern. Der Vortrag wirft einen Blick auf ein St\u00fcck Geschichte des Ruhrgebiets, das die Region pr\u00e4gte und diskutiert \u00fcber die Konsequenzen, die die junge Republik stark beeinflusste. Wie reagierten die Zeitgenossen?<\/p>\n<p>Vortrag von Dr. Mark Haarfeldt (Historiker, Bildungsreferent DGB Bildungswerk Bund)<\/p>\n<h2 class=\"SP-Headline--description\"><\/h2>\n","protected":false},"excerpt":{"rendered":"<div class=\"mh-excerpt\"><p>Vor 100 Jahren war das Ruhrgebiet im Ausnahmezustand. Auf den Putschversuch in Berlin erhoben sich auch im Ruhrgebiet Arbeiterinnen und Arbeiter, um die Entstehung eines <a class=\"mh-excerpt-more\" href=\"http:\/\/ruhrkampf1920.de\/start\/event\/aktionen-und-reaktionen-um-den-ruhrkampf-1920\/\" title=\"*Abgesagt\/Verlegung* Kampf an der Ruhr &#8211; Aktionen und Reaktionen um den Ruhrkampf 1920, Bottrop\">[&#8230;]<\/a><\/p>\n<\/div>","protected":false},"author":1,"featured_media":0,"comment_status":"closed","ping_status":"closed","template":"","meta":{"_tribe_events_status":"","_tribe_events_status_reason":""},"tags":[54],"tribe_events_cat":[34,23],"aioseo_notices":[],"_links":{"self":[{"href":"http:\/\/ruhrkampf1920.de\/start\/wp-json\/wp\/v2\/tribe_events\/272"}],"collection":[{"href":"http:\/\/ruhrkampf1920.de\/start\/wp-json\/wp\/v2\/tribe_events"}],"about":[{"href":"http:\/\/ruhrkampf1920.de\/start\/wp-json\/wp\/v2\/types\/tribe_events"}],"author":[{"embeddable":true,"href":"http:\/\/ruhrkampf1920.de\/start\/wp-json\/wp\/v2\/users\/1"}],"replies":[{"embeddable":true,"href":"http:\/\/ruhrkampf1920.de\/start\/wp-json\/wp\/v2\/comments?post=272"}],"version-history":[{"count":6,"href":"http:\/\/ruhrkampf1920.de\/start\/wp-json\/wp\/v2\/tribe_events\/272\/revisions"}],"predecessor-version":[{"id":503,"href":"http:\/\/ruhrkampf1920.de\/start\/wp-json\/wp\/v2\/tribe_events\/272\/revisions\/503"}],"wp:attachment":[{"href":"http:\/\/ruhrkampf1920.de\/start\/wp-json\/wp\/v2\/media?parent=272"}],"wp:term":[{"taxonomy":"post_tag","embeddable":true,"href":"http:\/\/ruhrkampf1920.de\/start\/wp-json\/wp\/v2\/tags?post=272"},{"taxonomy":"tribe_events_cat","embeddable":true,"href":"http:\/\/ruhrkampf1920.de\/start\/wp-json\/wp\/v2\/tribe_events_cat?post=272"}],"curies":[{"name":"wp","href":"https:\/\/api.w.org\/{rel}","templated":true}]}}

<p>Vor 100 Jahren war das Ruhrgebiet im Ausnahmezustand. Auf den Putschversuch in Berlin erhoben sich auch im Ruhrgebiet Arbeiterinnen und Arbeiter, um die Entstehung eines autoritären Regimes  zu verhindern. Der Vortrag wirft einen Blick auf ein Stück Geschichte des Ruhrgebiets, das die Region prägte und diskutiert über die Konsequenzen, die die junge Republik stark beeinflusste. Wie reagierten die Zeitgenossen?</p>
<p>Vortrag von Dr. Mark Haarfeldt (Historiker, Bildungsreferent DGB Bildungswerk Bund)</p>
<h2 class="SP-Headline--description"></h2>
