{"id":364,"date":"2020-02-14T17:03:25","date_gmt":"2020-02-14T17:03:25","guid":{"rendered":"http:\/\/ruhrkampf1920.de\/start\/?post_type=tribe_events&#038;p=364"},"modified":"2020-03-16T08:56:07","modified_gmt":"2020-03-16T08:56:07","slug":"maerzrevolution-1920-im-ruhrgebiet","status":"publish","type":"tribe_events","link":"http:\/\/ruhrkampf1920.de\/start\/event\/maerzrevolution-1920-im-ruhrgebiet\/","title":{"rendered":"*Veranstalterinfo beachten* M\u00e4rzrevolution 1920 im Ruhrgebiet, Bochum"},"content":{"rendered":"<p>Im Fr\u00fchjahr 1920 kam es in Deutschland zu mehreren einschneidenden politischen Ereignissen: Der kurz zuvor inkraft getreten Versailler Vertrag zwang die Reichswehr, sich von 250.000 auf 100.000 Mann zu verkleinern. Dies wollte man durch die Aufl\u00f6sung von Freikorps erreichen. Die wiederum wollten das nicht hinnehmen. Es kam zum Putsch gegen die Regierung, geleitet vom Verwaltungsbeamten Wolfgang Kapp. Er hatte mit anderen nationalistisch gesinnten M\u00e4nnern die Deutsche Vaterlandspartei gegr\u00fcndet. Die Regierung floh aus Berlin. Die SPD rief aus Protest gegen die Absetzung der Regierung zum Generalstreik auf. Nach f\u00fcnf Tagen brach der Putsch zusammen. Es folgten die Bildung einer Roten Arbeiterarmee, die Selbstverwaltung der St\u00e4dte des Ruhrgebietes und die brutale Niederschlagung des Aufstandes durch das Milit\u00e4r.<br \/>\nBis heute erinnern wir uns an die ungeheure politische Aktivit\u00e4t der Arbeiterschaft dieser Wochen, an das unerm\u00fcdliche Interesse an Versammlungen und Demonstrationen. Nicht vergessen werden darf auch, mit welchem Engagement eine Ruhrgebiets-Generation das System der Ausbeutung und Unterdr\u00fcckung nicht mehr ertragen wollte, welches ihre Eltern und Gro\u00dfeltern ihr Leben lang erduldet hatten.<br \/>\nErstaunlich war das Auftauchen von Rednern und F\u00fchrungspers\u00f6nlichkeiten, die Tage vorher niemand kannte und die nachher vergessen wurden. Was wurde aus ihren Vorstellungen, aus ihren Idealen?<\/p>\n<p>Referent: G\u00fcnter Gleising von der Sozialen Liste Bochum<\/p>\n<p>Veranstaltungsreihe: 100 Jahre Ruhrgebiet \/ Veranstalter: Dezernat Hochschulkommunikation der RUB<br \/>\nim Blue Square \/ I. Etage<\/p>\n","protected":false},"excerpt":{"rendered":"<div class=\"mh-excerpt\"><p>Im Fr\u00fchjahr 1920 kam es in Deutschland zu mehreren einschneidenden politischen Ereignissen: Der kurz zuvor inkraft getreten Versailler Vertrag zwang die Reichswehr, sich von 250.000 <a class=\"mh-excerpt-more\" href=\"http:\/\/ruhrkampf1920.de\/start\/event\/maerzrevolution-1920-im-ruhrgebiet\/\" title=\"*Veranstalterinfo beachten* M\u00e4rzrevolution 1920 im Ruhrgebiet, Bochum\">[&#8230;]<\/a><\/p>\n<\/div>","protected":false},"author":1,"featured_media":0,"comment_status":"open","ping_status":"closed","template":"","meta":{"_tribe_events_status":"","_tribe_events_status_reason":""},"tags":[62],"tribe_events_cat":[34,23],"aioseo_notices":[],"_links":{"self":[{"href":"http:\/\/ruhrkampf1920.de\/start\/wp-json\/wp\/v2\/tribe_events\/364"}],"collection":[{"href":"http:\/\/ruhrkampf1920.de\/start\/wp-json\/wp\/v2\/tribe_events"}],"about":[{"href":"http:\/\/ruhrkampf1920.de\/start\/wp-json\/wp\/v2\/types\/tribe_events"}],"author":[{"embeddable":true,"href":"http:\/\/ruhrkampf1920.de\/start\/wp-json\/wp\/v2\/users\/1"}],"replies":[{"embeddable":true,"href":"http:\/\/ruhrkampf1920.de\/start\/wp-json\/wp\/v2\/comments?post=364"}],"version-history":[{"count":5,"href":"http:\/\/ruhrkampf1920.de\/start\/wp-json\/wp\/v2\/tribe_events\/364\/revisions"}],"predecessor-version":[{"id":517,"href":"http:\/\/ruhrkampf1920.de\/start\/wp-json\/wp\/v2\/tribe_events\/364\/revisions\/517"}],"wp:attachment":[{"href":"http:\/\/ruhrkampf1920.de\/start\/wp-json\/wp\/v2\/media?parent=364"}],"wp:term":[{"taxonomy":"post_tag","embeddable":true,"href":"http:\/\/ruhrkampf1920.de\/start\/wp-json\/wp\/v2\/tags?post=364"},{"taxonomy":"tribe_events_cat","embeddable":true,"href":"http:\/\/ruhrkampf1920.de\/start\/wp-json\/wp\/v2\/tribe_events_cat?post=364"}],"curies":[{"name":"wp","href":"https:\/\/api.w.org\/{rel}","templated":true}]}}

*Veranstalterinfo beachten* Märzrevolution 1920 im Ruhrgebiet, Bochum

<p>Im Frühjahr 1920 kam es in Deutschland zu mehreren einschneidenden politischen Ereignissen: Der kurz zuvor inkraft getreten Versailler Vertrag zwang die Reichswehr, sich von 250.000 auf 100.000 Mann zu verkleinern. Dies wollte man durch die Auflösung von Freikorps erreichen. Die wiederum wollten das nicht hinnehmen. Es kam zum Putsch gegen die Regierung, geleitet vom Verwaltungsbeamten Wolfgang Kapp. Er hatte mit anderen nationalistisch gesinnten Männern die Deutsche Vaterlandspartei gegründet. Die Regierung floh aus Berlin. Die SPD rief aus Protest gegen die Absetzung der Regierung zum Generalstreik auf. Nach fünf Tagen brach der Putsch zusammen. Es folgten die Bildung einer Roten Arbeiterarmee, die Selbstverwaltung der Städte des Ruhrgebietes und die brutale Niederschlagung des Aufstandes durch das Militär.<br />
Bis heute erinnern wir uns an die ungeheure politische Aktivität der Arbeiterschaft dieser Wochen, an das unermüdliche Interesse an Versammlungen und Demonstrationen. Nicht vergessen werden darf auch, mit welchem Engagement eine Ruhrgebiets-Generation das System der Ausbeutung und Unterdrückung nicht mehr ertragen wollte, welches ihre Eltern und Großeltern ihr Leben lang erduldet hatten.<br />
Erstaunlich war das Auftauchen von Rednern und Führungspersönlichkeiten, die Tage vorher niemand kannte und die nachher vergessen wurden. Was wurde aus ihren Vorstellungen, aus ihren Idealen?</p>
<p>Referent: Günter Gleising von der Sozialen Liste Bochum</p>
<p>Veranstaltungsreihe: 100 Jahre Ruhrgebiet / Veranstalter: Dezernat Hochschulkommunikation der RUB<br />
im Blue Square / I. Etage</p>

<div class="mh-excerpt"><p>Im Frühjahr 1920 kam es in Deutschland zu mehreren einschneidenden politischen Ereignissen: Der kurz zuvor inkraft getreten Versailler Vertrag zwang die Reichswehr, sich von 250.000 <a class="mh-excerpt-more" href="http://ruhrkampf1920.de/start/event/maerzrevolution-1920-im-ruhrgebiet/" title="*Veranstalterinfo beachten* Märzrevolution 1920 im Ruhrgebiet, Bochum">[&#8230;]</a></p>
</div>
