{"id":377,"date":"2020-02-14T17:20:07","date_gmt":"2020-02-14T17:20:07","guid":{"rendered":"http:\/\/ruhrkampf1920.de\/start\/?post_type=tribe_events&#038;p=377"},"modified":"2020-03-16T08:55:27","modified_gmt":"2020-03-16T08:55:27","slug":"buergerkrieg-im-ruhrgebiet","status":"publish","type":"tribe_events","link":"http:\/\/ruhrkampf1920.de\/start\/event\/buergerkrieg-im-ruhrgebiet\/","title":{"rendered":"*Veranstalterinfo beachten* B\u00fcrgerkrieg im Ruhrgebiet, Duisburg"},"content":{"rendered":"<p>B\u00fcrgerkrieg im Ruhrgebiet. Die K\u00e4mpfe zwischen der \u201eRoten Ruhrarmee\u201c und den Regierungstruppen im M\u00e4rz und April 1920<\/p>\n<p>Vortragsveranstaltung im Stadtarchiv Duisburg.<\/p>\n<p>Referent*in: Michael Kanther<\/p>\n<p>&nbsp;<\/p>\n","protected":false},"excerpt":{"rendered":"<div class=\"mh-excerpt\"><p>B\u00fcrgerkrieg im Ruhrgebiet. Die K\u00e4mpfe zwischen der \u201eRoten Ruhrarmee\u201c und den Regierungstruppen im M\u00e4rz und April 1920 Vortragsveranstaltung im Stadtarchiv Duisburg. Referent*in: Michael Kanther &nbsp;<\/p>\n<\/div>","protected":false},"author":2,"featured_media":0,"comment_status":"open","ping_status":"closed","template":"","meta":{"_tribe_events_status":"","_tribe_events_status_reason":""},"tags":[],"tribe_events_cat":[23],"aioseo_notices":[],"_links":{"self":[{"href":"http:\/\/ruhrkampf1920.de\/start\/wp-json\/wp\/v2\/tribe_events\/377"}],"collection":[{"href":"http:\/\/ruhrkampf1920.de\/start\/wp-json\/wp\/v2\/tribe_events"}],"about":[{"href":"http:\/\/ruhrkampf1920.de\/start\/wp-json\/wp\/v2\/types\/tribe_events"}],"author":[{"embeddable":true,"href":"http:\/\/ruhrkampf1920.de\/start\/wp-json\/wp\/v2\/users\/2"}],"replies":[{"embeddable":true,"href":"http:\/\/ruhrkampf1920.de\/start\/wp-json\/wp\/v2\/comments?post=377"}],"version-history":[{"count":3,"href":"http:\/\/ruhrkampf1920.de\/start\/wp-json\/wp\/v2\/tribe_events\/377\/revisions"}],"predecessor-version":[{"id":516,"href":"http:\/\/ruhrkampf1920.de\/start\/wp-json\/wp\/v2\/tribe_events\/377\/revisions\/516"}],"wp:attachment":[{"href":"http:\/\/ruhrkampf1920.de\/start\/wp-json\/wp\/v2\/media?parent=377"}],"wp:term":[{"taxonomy":"post_tag","embeddable":true,"href":"http:\/\/ruhrkampf1920.de\/start\/wp-json\/wp\/v2\/tags?post=377"},{"taxonomy":"tribe_events_cat","embeddable":true,"href":"http:\/\/ruhrkampf1920.de\/start\/wp-json\/wp\/v2\/tribe_events_cat?post=377"}],"curies":[{"name":"wp","href":"https:\/\/api.w.org\/{rel}","templated":true}]}}

*Veranstalterinfo beachten* Bürgerkrieg im Ruhrgebiet, Duisburg

<p>Bürgerkrieg im Ruhrgebiet. Die Kämpfe zwischen der „Roten Ruhrarmee“ und den Regierungstruppen im März und April 1920</p>
<p>Vortragsveranstaltung im Stadtarchiv Duisburg.</p>
<p>Referent*in: Michael Kanther</p>
<p>&nbsp;</p>

<div class="mh-excerpt"><p>Bürgerkrieg im Ruhrgebiet. Die Kämpfe zwischen der „Roten Ruhrarmee“ und den Regierungstruppen im März und April 1920 Vortragsveranstaltung im Stadtarchiv Duisburg. Referent*in: Michael Kanther &nbsp;</p>
</div>
