{"id":401,"date":"2020-02-14T17:38:03","date_gmt":"2020-02-14T17:38:03","guid":{"rendered":"http:\/\/ruhrkampf1920.de\/start\/?post_type=tribe_events&#038;p=401"},"modified":"2020-03-16T08:53:22","modified_gmt":"2020-03-16T08:53:22","slug":"gedenkveranstaltung-und-kranzniederlegung-100-jahre-maerzrevolution","status":"publish","type":"tribe_events","link":"http:\/\/ruhrkampf1920.de\/start\/event\/gedenkveranstaltung-und-kranzniederlegung-100-jahre-maerzrevolution\/","title":{"rendered":"*Veranstalterinfo beachten* Gedenkveranstaltung &#038; Kranzniederlegung \u2013 100 Jahre M\u00e4rzrevolution Herne"},"content":{"rendered":"<p>Gedenkveranstaltung und Kranzniederlegung \u2013 100 Jahre M\u00e4rzrevolution<br \/>\n11.00 Uhr S\u00fcdfriedhof Wiescherstra\u00dfe<br \/>\nMusik: Schwarz-Rot-Atemgold<br \/>\nVeranstalter*in: DGB-Herne<\/p>\n","protected":false},"excerpt":{"rendered":"<div class=\"mh-excerpt\"><p>Gedenkveranstaltung und Kranzniederlegung \u2013 100 Jahre M\u00e4rzrevolution 11.00 Uhr S\u00fcdfriedhof Wiescherstra\u00dfe Musik: Schwarz-Rot-Atemgold Veranstalter*in: DGB-Herne<\/p>\n<\/div>","protected":false},"author":2,"featured_media":0,"comment_status":"closed","ping_status":"closed","template":"","meta":{"_tribe_events_status":"","_tribe_events_status_reason":""},"tags":[],"tribe_events_cat":[59],"aioseo_notices":[],"_links":{"self":[{"href":"http:\/\/ruhrkampf1920.de\/start\/wp-json\/wp\/v2\/tribe_events\/401"}],"collection":[{"href":"http:\/\/ruhrkampf1920.de\/start\/wp-json\/wp\/v2\/tribe_events"}],"about":[{"href":"http:\/\/ruhrkampf1920.de\/start\/wp-json\/wp\/v2\/types\/tribe_events"}],"author":[{"embeddable":true,"href":"http:\/\/ruhrkampf1920.de\/start\/wp-json\/wp\/v2\/users\/2"}],"replies":[{"embeddable":true,"href":"http:\/\/ruhrkampf1920.de\/start\/wp-json\/wp\/v2\/comments?post=401"}],"version-history":[{"count":4,"href":"http:\/\/ruhrkampf1920.de\/start\/wp-json\/wp\/v2\/tribe_events\/401\/revisions"}],"predecessor-version":[{"id":513,"href":"http:\/\/ruhrkampf1920.de\/start\/wp-json\/wp\/v2\/tribe_events\/401\/revisions\/513"}],"wp:attachment":[{"href":"http:\/\/ruhrkampf1920.de\/start\/wp-json\/wp\/v2\/media?parent=401"}],"wp:term":[{"taxonomy":"post_tag","embeddable":true,"href":"http:\/\/ruhrkampf1920.de\/start\/wp-json\/wp\/v2\/tags?post=401"},{"taxonomy":"tribe_events_cat","embeddable":true,"href":"http:\/\/ruhrkampf1920.de\/start\/wp-json\/wp\/v2\/tribe_events_cat?post=401"}],"curies":[{"name":"wp","href":"https:\/\/api.w.org\/{rel}","templated":true}]}}

*Veranstalterinfo beachten* Gedenkveranstaltung &#038; Kranzniederlegung – 100 Jahre Märzrevolution Herne

<p>Gedenkveranstaltung und Kranzniederlegung – 100 Jahre Märzrevolution<br />
11.00 Uhr Südfriedhof Wiescherstraße<br />
Musik: Schwarz-Rot-Atemgold<br />
Veranstalter*in: DGB-Herne</p>

<div class="mh-excerpt"><p>Gedenkveranstaltung und Kranzniederlegung – 100 Jahre Märzrevolution 11.00 Uhr Südfriedhof Wiescherstraße Musik: Schwarz-Rot-Atemgold Veranstalter*in: DGB-Herne</p>
</div>
