{"id":594,"date":"2020-08-12T08:14:25","date_gmt":"2020-08-12T08:14:25","guid":{"rendered":"http:\/\/ruhrkampf1920.de\/start\/?post_type=tribe_events&#038;p=594"},"modified":"2020-08-12T08:14:25","modified_gmt":"2020-08-12T08:14:25","slug":"der-ruhrkampf-1920-das-ruhrgebiet-und-die-republik-zwischen-zivilisationsbruch-und-zivilcourage","status":"publish","type":"tribe_events","link":"http:\/\/ruhrkampf1920.de\/start\/event\/der-ruhrkampf-1920-das-ruhrgebiet-und-die-republik-zwischen-zivilisationsbruch-und-zivilcourage\/","title":{"rendered":"Der Ruhrkampf 1920 \u2013 Das Ruhrgebiet und die Republik zwischen Zivilisationsbruch und Zivilcourage"},"content":{"rendered":"<h2>Ein Vortrags- und Diskussionsveranstaltung zum Abschluss der Reihe<\/h2>\n<p>Auf der Suche nach einer aktuellen Gesamtdarstellung zum<br \/>\nKapp-Putsch und den sich anschlie\u00dfenden K\u00e4mpfen im M\u00e4rz<br \/>\nund April 1920 konnten interessierte Leser*innen auch schon<br \/>\neinmal verzweifeln. Klaus Gietinger schafft hier Abhilfe und<br \/>\ngibt nun auch denjenigen eine Chance, sich einen \u00dcberblick zu<br \/>\nverschaffen, die von Erhard Lucas dreib\u00e4ndigen Gesamtwerk<br \/>\nzwar beeindruckt \u2013 mitunter aber auch abgeschreckt wurden.<br \/>\nDr. Ludger Fittkau fokussiert in seinem Vortrag auf die zeitgen\u00f6ssische<br \/>\nStudie von Gerhard Colm und regt dazu an, sich<br \/>\nerneut und tiefergehend den Quellen zu M\u00e4rz und April 1920<br \/>\nzu widmen. Mit Joanna Seiffert schauen wir uns erinnerungskulturelle<br \/>\nAspekte genauer an. Gemeinsam diskutieren wir aktuelle<br \/>\nerinnerungskulturelle Fragen und den Forschungsstand.<br \/>\nHierbei im Fokus: Wie, von Wem und Warum wird im Laufe von<br \/>\n100 Jahren an die Ereignisse im M\u00e4rz &amp; April 1920 erinnert?<\/p>\n<p>Vortr\u00e4ge, Lesungen &amp; Diskussionen mit<br \/>\nDr. Ludger Fittkau, Ruhrkampf 1920, Ein politischer Reisef\u00fchrer<br \/>\n\u2013 \u201erevisited 2020\u201c<br \/>\nKlaus Gietinger, Kapp-Putsch 1920 \u2013 Abwehrk\u00e4mpfe \u2013 Rote<br \/>\nRuhrarmee<br \/>\nJoana Seiffert, B\u00fcrgerkrieg im Ruhrgebiet, Erinnerungsort<br \/>\nRuhrkampf<br \/>\nWeitere Referent*innen sind angefragt.<br \/>\nLeitung und Moderation: Andreas Zolper, Dr. Joachim Thommes<\/p>\n<p>&nbsp;<\/p>\n<p><a href=\"https:\/\/hu-bildungswerk.de\/service\/anmeldeformular\/\">Anmeldung<\/a> erforderlich!<\/p>\n<p>Kursnummer: K.6<\/p>\n","protected":false},"excerpt":{"rendered":"<div class=\"mh-excerpt\"><p>Ein Vortrags- und Diskussionsveranstaltung zum Abschluss der Reihe Auf der Suche nach einer aktuellen Gesamtdarstellung zum Kapp-Putsch und den sich anschlie\u00dfenden K\u00e4mpfen im M\u00e4rz und <a class=\"mh-excerpt-more\" href=\"http:\/\/ruhrkampf1920.de\/start\/event\/der-ruhrkampf-1920-das-ruhrgebiet-und-die-republik-zwischen-zivilisationsbruch-und-zivilcourage\/\" title=\"Der Ruhrkampf 1920 \u2013 Das Ruhrgebiet und die Republik zwischen Zivilisationsbruch und Zivilcourage\">[&#8230;]<\/a><\/p>\n<\/div>","protected":false},"author":1,"featured_media":0,"comment_status":"closed","ping_status":"closed","template":"","meta":{"_tribe_events_status":"","_tribe_events_status_reason":""},"tags":[],"tribe_events_cat":[34,23],"aioseo_notices":[],"_links":{"self":[{"href":"http:\/\/ruhrkampf1920.de\/start\/wp-json\/wp\/v2\/tribe_events\/594"}],"collection":[{"href":"http:\/\/ruhrkampf1920.de\/start\/wp-json\/wp\/v2\/tribe_events"}],"about":[{"href":"http:\/\/ruhrkampf1920.de\/start\/wp-json\/wp\/v2\/types\/tribe_events"}],"author":[{"embeddable":true,"href":"http:\/\/ruhrkampf1920.de\/start\/wp-json\/wp\/v2\/users\/1"}],"replies":[{"embeddable":true,"href":"http:\/\/ruhrkampf1920.de\/start\/wp-json\/wp\/v2\/comments?post=594"}],"version-history":[{"count":2,"href":"http:\/\/ruhrkampf1920.de\/start\/wp-json\/wp\/v2\/tribe_events\/594\/revisions"}],"predecessor-version":[{"id":597,"href":"http:\/\/ruhrkampf1920.de\/start\/wp-json\/wp\/v2\/tribe_events\/594\/revisions\/597"}],"wp:attachment":[{"href":"http:\/\/ruhrkampf1920.de\/start\/wp-json\/wp\/v2\/media?parent=594"}],"wp:term":[{"taxonomy":"post_tag","embeddable":true,"href":"http:\/\/ruhrkampf1920.de\/start\/wp-json\/wp\/v2\/tags?post=594"},{"taxonomy":"tribe_events_cat","embeddable":true,"href":"http:\/\/ruhrkampf1920.de\/start\/wp-json\/wp\/v2\/tribe_events_cat?post=594"}],"curies":[{"name":"wp","href":"https:\/\/api.w.org\/{rel}","templated":true}]}}

<h2>Ein Vortrags- und Diskussionsveranstaltung zum Abschluss der Reihe</h2>
<p>Auf der Suche nach einer aktuellen Gesamtdarstellung zum<br />
Kapp-Putsch und den sich anschließenden Kämpfen im März<br />
und April 1920 konnten interessierte Leser*innen auch schon<br />
einmal verzweifeln. Klaus Gietinger schafft hier Abhilfe und<br />
gibt nun auch denjenigen eine Chance, sich einen Überblick zu<br />
verschaffen, die von Erhard Lucas dreibändigen Gesamtwerk<br />
zwar beeindruckt – mitunter aber auch abgeschreckt wurden.<br />
Dr. Ludger Fittkau fokussiert in seinem Vortrag auf die zeitgenössische<br />
Studie von Gerhard Colm und regt dazu an, sich<br />
erneut und tiefergehend den Quellen zu März und April 1920<br />
zu widmen. Mit Joanna Seiffert schauen wir uns erinnerungskulturelle<br />
Aspekte genauer an. Gemeinsam diskutieren wir aktuelle<br />
erinnerungskulturelle Fragen und den Forschungsstand.<br />
Hierbei im Fokus: Wie, von Wem und Warum wird im Laufe von<br />
100 Jahren an die Ereignisse im März &amp; April 1920 erinnert?</p>
<p>Vorträge, Lesungen &amp; Diskussionen mit<br />
Dr. Ludger Fittkau, Ruhrkampf 1920, Ein politischer Reiseführer<br />
– „revisited 2020“<br />
Klaus Gietinger, Kapp-Putsch 1920 – Abwehrkämpfe – Rote<br />
Ruhrarmee<br />
Joana Seiffert, Bürgerkrieg im Ruhrgebiet, Erinnerungsort<br />
Ruhrkampf<br />
Weitere Referent*innen sind angefragt.<br />
Leitung und Moderation: Andreas Zolper, Dr. Joachim Thommes</p>
<p>&nbsp;</p>
<p><a href="https://hu-bildungswerk.de/service/anmeldeformular/">Anmeldung</a> erforderlich!</p>
<p>Kursnummer: K.6</p>

<div class="mh-excerpt"><p>Ein Vortrags- und Diskussionsveranstaltung zum Abschluss der Reihe Auf der Suche nach einer aktuellen Gesamtdarstellung zum Kapp-Putsch und den sich anschließenden Kämpfen im März und <a class="mh-excerpt-more" href="http://ruhrkampf1920.de/start/event/der-ruhrkampf-1920-das-ruhrgebiet-und-die-republik-zwischen-zivilisationsbruch-und-zivilcourage/" title="Der Ruhrkampf 1920 – Das Ruhrgebiet und die Republik zwischen Zivilisationsbruch und Zivilcourage">[&#8230;]</a></p>
</div>
