{"id":666,"date":"2021-03-14T15:03:20","date_gmt":"2021-03-14T15:03:20","guid":{"rendered":"http:\/\/ruhrkampf1920.de\/start\/?post_type=tribe_events&#038;p=666"},"modified":"2021-03-14T15:03:56","modified_gmt":"2021-03-14T15:03:56","slug":"radiosendung-erinnerung-an-den-ruhrkampf-1920","status":"publish","type":"tribe_events","link":"http:\/\/ruhrkampf1920.de\/start\/event\/radiosendung-erinnerung-an-den-ruhrkampf-1920\/","title":{"rendered":"Radiosendung &#8211; Erinnerung an den Ruhrkampf 1920 (Radio Essen)"},"content":{"rendered":"<p>Mit einer Radiosendung im B\u00fcrgerfunk von Radio Essen soll am Montag, dem 15. M\u00e4rz (Sendezeit 21.04 \u2013 21.59 Uhr) an die blutigen Auseinandersetzungen erinnert werden, die sich insbesondere im Ruhrgebiet nach dem Kapp-L\u00fcttwitz-Milit\u00e4rputsch vom 13. M\u00e4rz 1920 entwickelten.<\/p>\n","protected":false},"excerpt":{"rendered":"<div class=\"mh-excerpt\"><p>Mit einer Radiosendung im B\u00fcrgerfunk von Radio Essen soll am Montag, dem 15. M\u00e4rz (Sendezeit 21.04 \u2013 21.59 Uhr) an die blutigen Auseinandersetzungen erinnert werden, <a class=\"mh-excerpt-more\" href=\"http:\/\/ruhrkampf1920.de\/start\/event\/radiosendung-erinnerung-an-den-ruhrkampf-1920\/\" title=\"Radiosendung &#8211; Erinnerung an den Ruhrkampf 1920 (Radio Essen)\">[&#8230;]<\/a><\/p>\n<\/div>","protected":false},"author":1,"featured_media":0,"comment_status":"closed","ping_status":"closed","template":"","meta":{"_tribe_events_status":"","_tribe_events_status_reason":""},"tags":[],"tribe_events_cat":[],"aioseo_notices":[],"_links":{"self":[{"href":"http:\/\/ruhrkampf1920.de\/start\/wp-json\/wp\/v2\/tribe_events\/666"}],"collection":[{"href":"http:\/\/ruhrkampf1920.de\/start\/wp-json\/wp\/v2\/tribe_events"}],"about":[{"href":"http:\/\/ruhrkampf1920.de\/start\/wp-json\/wp\/v2\/types\/tribe_events"}],"author":[{"embeddable":true,"href":"http:\/\/ruhrkampf1920.de\/start\/wp-json\/wp\/v2\/users\/1"}],"replies":[{"embeddable":true,"href":"http:\/\/ruhrkampf1920.de\/start\/wp-json\/wp\/v2\/comments?post=666"}],"version-history":[{"count":2,"href":"http:\/\/ruhrkampf1920.de\/start\/wp-json\/wp\/v2\/tribe_events\/666\/revisions"}],"predecessor-version":[{"id":668,"href":"http:\/\/ruhrkampf1920.de\/start\/wp-json\/wp\/v2\/tribe_events\/666\/revisions\/668"}],"wp:attachment":[{"href":"http:\/\/ruhrkampf1920.de\/start\/wp-json\/wp\/v2\/media?parent=666"}],"wp:term":[{"taxonomy":"post_tag","embeddable":true,"href":"http:\/\/ruhrkampf1920.de\/start\/wp-json\/wp\/v2\/tags?post=666"},{"taxonomy":"tribe_events_cat","embeddable":true,"href":"http:\/\/ruhrkampf1920.de\/start\/wp-json\/wp\/v2\/tribe_events_cat?post=666"}],"curies":[{"name":"wp","href":"https:\/\/api.w.org\/{rel}","templated":true}]}}

<p>Mit einer Radiosendung im Bürgerfunk von Radio Essen soll am Montag, dem 15. März (Sendezeit 21.04 – 21.59 Uhr) an die blutigen Auseinandersetzungen erinnert werden, die sich insbesondere im Ruhrgebiet nach dem Kapp-Lüttwitz-Militärputsch vom 13. März 1920 entwickelten.</p>

<div class="mh-excerpt"><p>Mit einer Radiosendung im Bürgerfunk von Radio Essen soll am Montag, dem 15. März (Sendezeit 21.04 – 21.59 Uhr) an die blutigen Auseinandersetzungen erinnert werden, <a class="mh-excerpt-more" href="http://ruhrkampf1920.de/start/event/radiosendung-erinnerung-an-den-ruhrkampf-1920/" title="Radiosendung &#8211; Erinnerung an den Ruhrkampf 1920 (Radio Essen)">[&#8230;]</a></p>
</div>
